 - 2*f - 15674. List the prime factors of d.
2, 7
Let v be 1108/44 - (-4)/(-22). Suppose 6*p - 5*q = p + v, -p + 8 = -4*q. Suppose -2*m - 10 = -p*m. List the prime factors of m.
5
Let d(o) = o**3 - 8*o**2 + 9*o - 11. Let j be d(8). Let w = j - 29. Let q = 62 - w. List the prime factors of q.
2, 3, 5
Suppose 38*o + 510 = 44*o. List the prime factors of o.
5, 17
Let l(c) = 16*c**2 + 2*c + 11. List the prime factors of l(5).
421
Suppose -4*y = -5*j + 1534, -2*j + 4*y + 119 = -497. Let x = j + -155. What are the prime factors of x?
151
Let k(q) = 102*q**2 - 11*q. What are the prime factors of k(2)?
2, 193
Let i be (-24)/5 - 5/25. Let k(v) = -8*v - 4. Let z(q) = 16*q + 8. Let c(g) = 13*k(g) + 6*z(g). List the prime factors of c(i).
2, 3
Suppose 2*a - 718 = 308. List the prime factors of a.
3, 19
Let o = 6 + -41. Let r = -27 - o. What are the prime factors of r?
2
Let w(d) = d**3 + 8*d**2 - 3*d - 5. Suppose -2*r + 4*x = 2*r + 40, 4*r + 3*x = -19. List the prime factors of w(r).
5, 13
Let o(t) = 2*t**2 + 3*t + 48. List the prime factors of o(-19).
23, 31
Let g = 61 - 52. Suppose g*t - 546 = 2*t. What are the prime factors of t?
2, 3, 13
Let x = -473 - -542. Let v be 2/(-8) - 42/(-8). Suppose -21 - x = -v*o. What are the prime factors of o?
2, 3
What are the prime factors of ((-648)/60)/(2/(-105))?
3, 7
Suppose -4*m + 23120 = 12*m. List the prime factors of m.
5, 17
Let w be 2/2 + 201 - 3. Suppose -20*v + w = -19*v. List the prime factors of v.
199
Let m(v) = 4*v**2 - 4*v - 31. Let x be m(8). Let n = x - 123. List the prime factors of n.
2, 5, 7
Let a be (1/(-4) - (-2860)/(-16))/(-1). Let d = a + -77. List the prime factors of d.
2, 3, 17
Suppose f + 5*m = 11 + 164, 0 = 2*f - 2*m - 350. List the prime factors of f.
5, 7
What are the prime factors of (11895/(-39))/((-1)/2)?
2, 5, 61
Let d(h) = 4*h**2 - 4*h + 2. Let u be d(1). Let n(j) = 54*j - 7. What are the prime factors of n(u)?
101
Suppose 4*j - 5409 = -5*p, 5*j + 40*p = 45*p + 6750. List the prime factors of j.
7, 193
Suppose -4*s + 453 = -3*j, 0 - 3 = j. What are the prime factors of (s/(-18) - -6) + (-2930)/(-12)?
2, 61
Suppose -2*v = 5*i - 14337, 4*i = -5*v - 4725 + 16198. List the prime factors of i.
47, 61
Let g(u) = 6*u**2 - 4*u + 2. Let p be g(2). Let o = -6 - p. Let a = 45 + o. List the prime factors of a.
3, 7
Let p(v) = 29*v**3 - v**2 + 4*v - 1. What are the prime factors of p(2)?
5, 47
Suppose -6*l + 489 - 2319 = 0. Let p = -99 - l. List the prime factors of p.
2, 103
Let m be (-1 - -3)*60/(-8). Let a = m + 22. Suppose a*y - 5*y = 58. List the prime factors of y.
29
Let d be ((-6)/4)/(2/(-4)). Suppose -3*b = 4*r - 52, -3*b - d*r + 5 = -43. Let u = b + 24. What are the prime factors of u?
2, 3
Suppose -3*x + 2*a + 5 = -1, 0 = -2*a - 6. Suppose -d + 5*n - 11 - 9 = x, 0 = -5*d - 4*n + 45. List the prime factors of ((-8)/d)/((-6)/15).
2
Suppose -v - 7 = 3*g, 0*v = 2*g + 3*v + 7. Let x(r) = 151*r**3 - 2*r**2 + r + 2. Let w be x(-2). What are the prime factors of w/(-88) + g/(-11)?
2, 7
Let y(g) = -3*g + 198. Let z = -73 - -73. List the prime factors of y(z).
2, 3, 11
Suppose 0 = -4*m - 2*y + 2096, 5*m + y + 0*y - 2614 = 0. Let b = 760 - m. List the prime factors of b.
2, 7, 17
Let p(x) = -29*x**2 + 3*x - 3. Let a be p(-3). Let k = a - -439. Suppose 0 = 5*o - 2*j - 164, -5*o + k = j - 4*j. List the prime factors of o.
2
What are the prime factors of (-45162)/(-65) + (-3)/(-15)?
5, 139
What are the prime factors of 2/(-10) - 100032/(-60)?
1667
Let q be (-3 + 2)/(-3)*12. Let w be 63*1 - (7 - q). Suppose -b = 4*b - w. List the prime factors of b.
2, 3
Let j = -426 - -429. Let f = -11 - -43. Suppose f + j = o. What are the prime factors of o?
5, 7
Let m = -729 + 1477. What are the prime factors of m?
2, 11, 17
Let h(w) = -7*w**3 - w**2 + 2*w - 1. Let a be h(1). Let l be (-3 - 8)/(1/a). Let j = l + -50. List the prime factors of j.
3
Let y = 20 - 26. Let t(z) = z**3 + 4*z**2 - 6*z - 9. Let u be t(y). List the prime factors of (-24 + -1)*27/u.
3, 5
Let a be (2 - (4 + -3)) + 113. Let n = 189 - a. What are the prime factors of n?
3, 5
Suppose -1762 = -8*f + 142. List the prime factors of f.
2, 7, 17
Let v(h) be the first derivative of 4*h**2 - 13*h + 7. List the prime factors of v(24).
179
Let i(m) = 110*m - 137. What are the prime factors of i(35)?
47, 79
What are the prime factors of 336/26 + (-36)/(-468)?
13
Let c be -5*((-1 - -3) + -4). Suppose -c = -2*d + 14. What are the prime factors of d?
2, 3
Suppose 5*i - 5*o = 1235, 3*i + 3*o - 7*o = 746. Let k = i + -160. List the prime factors of k.
2, 41
Let g(w) = 4*w**3. Suppose -6*o = -4*o. Suppose k - 3 = o, q + 11 = -q + 5*k. What are the prime factors of g(q)?
2
Suppose -4*c + 760 = c. Suppose c = 3*b + 5*b. What are the prime factors of b?
19
Suppose -5*g = -5*b - 60, -5*g + 0*b + b = -44. Suppose z = -4*x - 12, -5*z + g = x + 2*x. Suppose z*t + 22 = 6*t. List the prime factors of t.
11
Let p be (-22 - (0 - -4)) + -4. List the prime factors of 40/p + 2/6 + 80.
79
Let z = 12 - 8. Suppose -18 = 3*p - 0*p - 5*u, -14 = 2*p - z*u. What are the prime factors of (30/(-25))/(p/15)?
2, 3
Suppose 4*c - 458 = -2*v, 5*c = 3*v - 4*v + 565. Let u = 132 + c. List the prime factors of u.
2, 61
Let z be (-8)/(-88) - (-15573)/33. Suppose 4*u = 6*u - z. What are the prime factors of u?
2, 59
Let l = 418 - -46. Suppose -5*p - 189 = -l. What are the prime factors of p?
5, 11
Suppose 0 = -8*s - 100 + 1372. What are the prime factors of s?
3, 53
Suppose -5*h + 12 = 3*n - 19, -4*n = -8. Suppose 5*f + 22 = -3*x - 3, h*f = 3*x - 25. Let d = 11 - x. What are the prime factors of d?
11
Let t(g) = -17*g - 41. What are the prime factors of t(-13)?
2, 3, 5
Let l be 2*2*(-33)/(-6). Let n = 24 - l. What are the prime factors of 7 + 1 + (-3 - n)?
3
Suppose 3*b + 745 = -4*s, 0 = -s - 5*b - 287 + 88. Let g = 274 + s. List the prime factors of g.
2, 3, 5
Suppose 3*m = 4*h + 77, 2*m - 4*h - 32 = 18. Suppose 2*k + m = 109. What are the prime factors of k?
41
Let x be -65 + (-5)/(15/6). Let u be x/3 - 8/(-24). Let h = 72 + u. List the prime factors of h.
2, 5
Suppose -4 = -f + 2. Let i be (-1)/((6/(-9))/(-2)). Let o = f + i. What are the prime factors of o?
3
Suppose -4*p + 2*d + d + 32 = 0, 0 = 4*d. Suppose 5*a + p*a - 1131 = 0. What are the prime factors of a?
3, 29
Suppose 0 = -4*f + 2*t - 30, -2*f + 4*t = -0*f + 6. Let j(n) = n**2 + 10*n + 21. What are the prime factors of j(f)?
2, 3
Let l(u) = -20*u + 20. Let a be l(4). Let z = 47 - a. List the prime factors of z.
107
Let a be 9/(-7) + 10/35. Let t = 2 - a. Suppose 2*n - 117 = -t*q, -6*q + q + 194 = 3*n. What are the prime factors of q?
37
Let m(x) be the first derivative of -x**4/2 - 2*x**3 + 5*x**2/2 - 4*x + 47. List the prime factors of m(-5).
71
Let a(p) = -2*p**3 + p**2 - 2*p + 2. Let n be a(0). Suppose s = -0*s, n*s = 5*h - 645. List the prime factors of h.
3, 43
Let p = -159 + 257. List the prime factors of (7/(-14))/((-1)/p).
7
Suppose p = 2*u - 4, -9 = -3*p - 5*u + 23. Let d be (4 + (-33)/(-15))*5. Suppose d = 3*k + p*j, -k = -5*j - 5 + 1. List the prime factors of k.
3
Suppose 2*u + 1300 = 7*u. Suppose 4*n + l = u, -5*n + 4*l + 298 = -6. List the prime factors of n.
2
Suppose 0 = 4*l - 1 - 11. Suppose 0 = m - 5*w - 136, -5*w + 155 + 253 = l*m. Suppose -m = -4*g + 8. List the prime factors of g.
2, 3
Let b(p) = 2*p**2 - 5*p - 16. List the prime factors of b(-8).
2, 19
Let i = -128 + 58. Let z = i + 132. What are the prime factors of z?
2, 31
List the prime factors of (813/(-9))/(((-21)/18)/7).
2, 271
Suppose 367 + 248 = 5*a. Let r = -73 + a. What are the prime factors of r?
2, 5
What are the prime factors of 6288/9 + 1 + (-10)/6?
2, 349
Let i = 8 + -8. Suppose -9 = -i*g - g. Let j = g - -25. What are the prime factors of j?
2, 17
Suppose 2*h + 6 = 0, 2*h = 6*w - 4*w - 342. Suppose -12*u + w = -5*u. List the prime factors of u.
2, 3
Let j(c) = -c**2 - 30*c + 16. Let l be j(-21). Suppose -2*w + 121 = 2*i + 21, -4*i - 3*w = -l. What are the prime factors of i?
5, 11
What are the prime factors of 21/5*(770 - -5)/5?
3, 7, 31
What are the prime factors of (23604/35)/((-6)/(-15))?
2, 3, 281
Let d(o) = o**3 - 3*o**2 - o + 2. Let q be d(-2). Let j(i) = -i**3 - i**2 - 2*i - 46. Let a be j(0). Let u = q - a. What are the prime 